) = a + 1123. What is the remainder when o(0) is divided by 24?
19
Suppose 7 + 1 = 2*h. Suppose -r - 88 = -h*q - 2*r, -4*q + r = -96. What is the remainder when 80 is divided by (q + -2 + 0/3)*1?
17
Let j(z) = 8*z - 5. Let x = -4826 + 4860. What is the remainder when j(12) is divided by x?
23
Suppose 2*u + 87*k - 82*k = 6082, 4*k = u - 3002. What is the remainder when u is divided by 501?
20
Let l = -259 + 262. What is the remainder when 58 is divided by (l - 11) + -7 + 31?
10
Let a(b) = 12204*b - 11793. Let z(f) = -13*f + 5. Calculate the remainder when a(1) is divided by z(-6).
79
Suppose -2590 = -109*i + 72*i. Calculate the remainder when 167 is divided by i.
27
Let f be (5/20*20 - 328/56)*105. Let t = -107 + 46. Let a = t - f. What is the remainder when 56 is divided by a?
27
Suppose -s + 58 + 49 = 4*l, -4*l + 97 = 3*s. Calculate the remainder when 821 is divided by l.
9
Let r(w) = w**2 + 5*w - 8. Let p be 4*-1*2 - -1. What is the remainder when 192/7 + (-39)/91 is divided by r(p)?
3
Let z = -647 + 642. Calculate the remainder when ((-462)/z)/(10/25) is divided by 6.
3
Let s = -510 - -539. Suppose -2*h = -5*f - 26, -3*f + 4*f + 4*h + 14 = 0. Calculate the remainder when 57 is divided by s/(-1)*(-2 - f)/(-4).
28
Let q = 8 + -5. Suppose -z + q*f + 6 = 3, -5*f = -15. What is the remainder when 275 is divided by z?
11
Let t = -1962 - -2176. Calculate the remainder when t is divided by 69.
7
Let k(h) = 8*h**2 + 19*h - 99. What is the remainder when k(4) is divided by 8?
1
Suppose 102 = 2*g - p, -211 = -3*g + p - 58. Let z = 241 + -220. Suppose 9*u = z + g. Calculate the remainder when 15 is divided by u.
7
Let k(d) = -5*d - 22. Let v = -90 + 76. Let p be k(v). Suppose -3*y + 11 = -1, 0 = -2*u + 2*y + p. What is the remainder when u is divided by 10?
8
Let d = -28 - -42. Suppose 0 = 4*p + 4*j - 314 + 90, -2*j = -10. Calculate the remainder when p is divided by d.
9
Let f(a) = 22*a + 179. Let p be f(-7). Suppose h - p = -g, 2*g + 124 = -3*h + 7*h. Calculate the remainder when 84 is divided by h.
26
Let u(z) = -z**3 + 8*z**2 - 2*z - 1. Suppose 9*k - 15 = 4*k. Suppose -5*h + 7*y + 75 = 2*y, 3*y + 25 = h. What is the remainder when u(k) is divided by h?
8
Suppose 5*d - 6011 = 5*s - 786, -4*d = -2*s - 4188. What is the remainder when d is divided by 81?
77
Let r = 0 - -7. Let f = -85 - -10. Let v = f - -88. Calculate the remainder when v is divided by r.
6
What is the remainder when 2 - 1 - -30*(-20)/(-8) is divided by 291/15 + 14/(-35)?
0
Let c = -2 + 32. Suppose r - 2*a - c = 12, 86 = 2*r - 5*a. Calculate the remainder when r is divided by 22.
16
Suppose 3*w + 929 - 2614 = 4*n, -5*n = -4*w + 2246. Calculate the remainder when w is divided by 142.
133
Let o(y) = -5*y + 4. Let v = -1410 - -1435. Calculate the remainder when v is divided by o(-2).
11
Let c be 8*((-2)/(20/(-35)) + -3). What is the remainder when (4/6)/((-2)/(-168)) is divided by (c + -6*(-4)/(-8))*19?
18
Suppose 4*q + 4*k + 54 = 314, 2*k = 12. Let o(n) = 6*n**2 + n - 4. Calculate the remainder when q is divided by o(-3).
12
Let f = -4275 - -4285. Suppose -6 + 2 = -r. Suppose -r*v - 3*h + 1 = -1, -2*h + 6 = 5*v. Calculate the remainder when f is divided by v.
0
Let d be 14/6*(-9)/(-6)*2. Suppose 114 = 11*a - d. Calculate the remainder when 17 is divided by a.
6
Suppose 108*t - 106*t = 6. Let s be (3/3 - -2)*(-16)/(-3). Let f = s - t. Calculate the remainder when 22 is divided by f.
9
Suppose 42*p - 39*p - 77*p + 10730 = 0. Calculate the remainder when p is divided by 6.
1
Let n(x) = -14*x + 51. Let w be n(0). Calculate the remainder when 37 is divided by (-578)/w*6/(-4).
3
Let z(b) be the third derivative of 9*b**4/8 - 17*b**3/2 - 94*b**2 + 2. What is the remainder when 5 is divided by z(2)?
2
Let i be 171/(-6)*(-8 - -6). What is the remainder when 67 is divided by i/(-6)*(-9 + 7)?
10
Let l(m) = 4 + m**3 + 0*m - 8*m - 5 - 3*m**2. Let r(x) = x**3 + x**2 + x + 33. Calculate the remainder when r(0) is divided by l(5).
6
Let g = -413 + 705. Calculate the remainder when g is divided by 67.
24
Suppose -31*q = -41*q - 2500. Let i = q + 311. Calculate the remainder when 243 is divided by i.
60
Let a = -167 - -96. Let q = -30 - a. Suppose 0 = 3*v - 2*h - 22, 158*v - 160*v = 4*h - 4. Calculate the remainder when q is divided by v.
5
Let w be (-288)/(-28) + -6 + 2/(-7). Suppose b = 90 - w. What is the remainder when 164 is divided by b?
78
Let x = 473 - 452. Calculate the remainder when (872/3)/(82/123) is divided by x.
16
Suppose h = -5*n + 3226, -n - 3*h + 650 = -4*h. What is the remainder when n is divided by 151?
42
Let b(u) = u**2 - u**3 + 2*u - 80 + 7*u**2 - 7*u**2. Let h be b(0). Let k = -21 - h. What is the remainder when k is divided by 32?
27
Let p = 6712 + -920. What is the remainder when (-3 - p/(-12)) + (-1)/(-3) is divided by 69?
66
Let m = -18310 - -18546. Calculate the remainder when 3552 is divided by m.
12
Let l(g) = -12*g**3 - 46*g**2 - 57*g + 12. Calculate the remainder when l(-6) is divided by 92.
2
Let n = 987 + -964. Suppose -294 = -n*h + 20*h. What is the remainder when h is divided by 38?
22
Suppose -3*g + 5*j + 43 = -475, 3*g + 5*j = 478. Calculate the remainder when 456 is divided by g.
124
Let c = -128 - -146. Let o = 34 - c. Calculate the remainder when 57 is divided by o.
9
Let o(a) = -6*a + 41. Let f = -92 - -86. Calculate the remainder when o(f) is divided by 21.
14
Suppose -2*s + 4*w + 178 = 0, 4 = 18*w - 19*w. What is the remainder when s is divided by 37?
7
Suppose -3*d = -4*m - 23, -15 = -8*d + 7*d + 5*m. Suppose -3*t - 2*r + 203 = 0, 4*t - d*r = -7*r + 268. What is the remainder when t is divided by 23?
19
Suppose 16 = 4*q, 4*q = -4*z - 2*q + 87236. Calculate the remainder when z is divided by 276.
275
Let x(i) = i**3 - 2*i**2 + 20. Suppose 164 - 1937 = -9*y. Calculate the remainder when y is divided by x(0).
17
Calculate the remainder when 149 is divided by 8/((-360)/35)*-99.
72
Let l = -380 - -459. Suppose 0 = -l*a + 73*a + 240. What is the remainder when a is divided by 14?
12
Let s(z) = 176*z**3 + 4*z**2 - 3. Let f be s(1). Let l = f + -98. Calculate the remainder when l is divided by 8.
7
Suppose -526 = u - 2*u - 4*b, 0 = 3*u - 3*b - 1533. Let t = -477 + u. What is the remainder when 183 is divided by t?
35
Let k(t) = 21*t**2 - 79*t - 24. Calculate the remainder when 3388 is divided by k(5).
102
What is the remainder when (7 - (-1 - 112/(-10)))/(4/(-260)) is divided by 46?
24
Let p = 19 - -56. Suppose 2*j = -3*j + p. Suppose -3*d + 3223 = 3046. Calculate the remainder when d is divided by j.
14
Suppose 3*c - 2*j - 111 = 0, -2*c - 22 = -j - 94. Let q = 20 - 14. Calculate the remainder when c is divided by q.
3
Suppose 16*q - 54*q + 1832 + 1702 = 0. Calculate the remainder when 117 is divided by q.
24
Let a(l) = 45*l**2 - 76*l + 36. What is the remainder when a(13) is divided by 128?
125
Let a be (-430)/(-14) - 6/(-21). Let h = -27 + a. Suppose -3*b - 2 = 4*g, g + 0*g + 29 = h*b. What is the remainder when 8 is divided by b?
2
Let g(c) = 7*c + 4. Let y be 7 + (2/5)/(2/(-10)). Suppose -y*a = -20, -a = -2*d + 2*a + 132. Calculate the remainder when d is divided by g(3).
22
Suppose -2*i - 8*b = -204, 64*b + 222 = 2*i + 63*b. What is the remainder when i is divided by 76?
34
Let a = -1140 + 1175. What is the remainder when 301 is divided by a?
21
Let n(c) = c**3 - 14*c**2 + 2*c - 29. Let m be n(14). What is the remainder when 38 is divided by m + (-194)/(-18) + (-32)/(-144)?
8
Suppose 12 = -4*w, 3*f - w + 0 = 9. Suppose 5*i - 4*h = 31, -f*h - 17 = -2*i - i. What is the remainder when 55 is divided by i/(-5) - ((-215)/25 + 0)?
7
Let k be -3 - (-6 - -2) - -3. Suppose -4*b - 412 = -k*v, 0 = -2*v - v - b + 289. What is the remainder when 42/v + 274/14 is divided by 7?
6
Suppose 0 = -9*q + 2*q + 189. Suppose s = 5*v - 118, -3*v + 24*s - q*s = -78. What is the remainder when v is divided by 13?
11
Let g(s) = -41*s - 329. Calculate the remainder when 3556 is divided by g(-9).
36
Let q(h) = -27*h + 186. Suppose 0 = -5*y - 4*y. What is the remainder when q(y) is divided by 67?
52
Suppose 3*b - 243 = -3*q, -3*b + 111 = -4*q - 132. What is the remainder when b is divided by 130/(-26)*(-28)/10?
11
Let v = -47 + 123. Let m(h) = -18*h + 14. Let i be m(-2). Let g = v - i.